{"id":40,"date":"2019-04-04T21:08:14","date_gmt":"2019-04-04T19:08:14","guid":{"rendered":"https:\/\/pyonen.de\/nog2019\/?page_id=40"},"modified":"2021-05-04T13:57:13","modified_gmt":"2021-05-04T11:57:13","slug":"timetable-3","status":"publish","type":"page","link":"https:\/\/pyonen.de\/nog2019\/timetable-3\/","title":{"rendered":"TIMETABLE"},"content":{"rendered":"<section class=\"l-section wpb_row height_auto\"><div class=\"l-section-h i-cf\"><div class=\"g-cols vc_row via_flex valign_top type_default stacking_default\"><div class=\"vc_col-sm-4 wpb_column vc_column_container\"><div class=\"vc_column-inner\"><div class=\"wpb_wrapper\"><\/div><\/div><\/div><div class=\"vc_col-sm-4 wpb_column vc_column_container\"><div class=\"vc_column-inner\"><div class=\"wpb_wrapper\"><div class=\"w-image align_center us_animate_afb\"><div class=\"w-image-h\"><img loading=\"lazy\" decoding=\"async\" width=\"452\" height=\"446\" src=\"https:\/\/pyonen.de\/nog2019\/wp-content\/uploads\/2019\/04\/nation-of-gondwana-2019-logo-02.png\" class=\"attachment-full size-full\" alt=\"\" srcset=\"https:\/\/pyonen.de\/nog2019\/wp-content\/uploads\/2019\/04\/nation-of-gondwana-2019-logo-02.png 452w, https:\/\/pyonen.de\/nog2019\/wp-content\/uploads\/2019\/04\/nation-of-gondwana-2019-logo-02-300x296.png 300w\" sizes=\"(max-width: 452px) 100vw, 452px\" \/><\/div><\/div><\/div><\/div><\/div><div class=\"vc_col-sm-4 wpb_column vc_column_container\"><div class=\"vc_column-inner\"><div class=\"wpb_wrapper\"><\/div><\/div><\/div><\/div><\/div><\/section><section class=\"l-section wpb_row height_auto\"><div class=\"l-section-h i-cf\"><div class=\"g-cols vc_row via_flex valign_top type_default stacking_default\" style=\"--additional-gap:10px;\"><div class=\"vc_col-sm-4 wpb_column vc_column_container has_text_color has_bg_color\"><div class=\"vc_column-inner us_custom_de43b404\"><div class=\"wpb_wrapper\"><div class=\"wpb_text_column title-pink\"><div class=\"wpb_wrapper\"><div class=\"foot-title\">SEE<\/div>\n<\/div><\/div><div class=\"w-tabs style_default switch_click accordion has_scrolling\" style=\"--sections-title-size:inherit\"><div class=\"w-tabs-sections titles-align_none icon_chevron cpos_right\"><div class=\"w-tabs-section\" id=\"1528548508455-73e73ade-b884\"><button class=\"w-tabs-section-header\" aria-controls=\"content-1528548508455-73e73ade-b884\" aria-expanded=\"false\"><div class=\"w-tabs-section-title\">Freitag<\/div><div class=\"w-tabs-section-control\"><\/div><\/button><div  class=\"w-tabs-section-content\" id=\"content-1528548508455-73e73ade-b884\"><div class=\"w-tabs-section-content-h i-cf\"><div class=\"wpb_text_column\"><div class=\"wpb_wrapper\">\n<table id=\"tablepress-1\" class=\"tablepress tablepress-id-1\">\n<tbody>\n<tr class=\"row-1\">\n\t<td class=\"column-1\">15:00<\/td><td class=\"column-2\">DJ Rolle<\/td>\n<\/tr>\n<tr class=\"row-2\">\n\t<td class=\"column-1\">17:30<\/td><td class=\"column-2\">Jama<\/td>\n<\/tr>\n<tr class=\"row-3\">\n\t<td class=\"column-1\">20:00<\/td><td class=\"column-2\"> Lassmalaura &amp; Elliver <\/td>\n<\/tr>\n<tr class=\"row-4\">\n\t<td class=\"column-1\">23:30<\/td><td class=\"column-2\">David Dorad<\/td>\n<\/tr>\n<tr class=\"row-5\">\n\t<td class=\"column-1\">02:00<\/td><td class=\"column-2\">Stimming - live<\/td>\n<\/tr>\n<tr class=\"row-6\">\n\t<td class=\"column-1\">03:30<\/td><td class=\"column-2\">Julian Stettner<\/td>\n<\/tr>\n<tr class=\"row-7\">\n\t<td class=\"column-1\">06:00<\/td><td class=\"column-2\">Ende<\/td>\n<\/tr>\n<\/tbody>\n<\/table>\n\n<\/div><\/div><\/div><\/div><\/div><div class=\"w-tabs-section\" id=\"1528548508476-aeb98000-495f\"><button class=\"w-tabs-section-header\" aria-controls=\"content-1528548508476-aeb98000-495f\" aria-expanded=\"false\"><div class=\"w-tabs-section-title\">Samstag<\/div><div class=\"w-tabs-section-control\"><\/div><\/button><div  class=\"w-tabs-section-content\" id=\"content-1528548508476-aeb98000-495f\"><div class=\"w-tabs-section-content-h i-cf\"><div class=\"wpb_text_column\"><div class=\"wpb_wrapper\">\n<table id=\"tablepress-4\" class=\"tablepress tablepress-id-4\">\n<tbody>\n<tr class=\"row-1\">\n\t<td class=\"column-1\">12:00<\/td><td class=\"column-2\">Gr\u00fcnefelder Frauenchor<\/td>\n<\/tr>\n<tr class=\"row-2\">\n\t<td class=\"column-1\">12:30<\/td><td class=\"column-2\">Maurizio Schmitz<\/td>\n<\/tr>\n<tr class=\"row-3\">\n\t<td class=\"column-1\">15:30<\/td><td class=\"column-2\">Marcus Carp<\/td>\n<\/tr>\n<tr class=\"row-4\">\n\t<td class=\"column-1\">18:30<\/td><td class=\"column-2\">ItaloJohnson<\/td>\n<\/tr>\n<tr class=\"row-5\">\n\t<td class=\"column-1\">21:30<\/td><td class=\"column-2\">Move D<\/td>\n<\/tr>\n<\/tbody>\n<\/table>\n\n<\/div><\/div><\/div><\/div><\/div><div class=\"w-tabs-section\" id=\"1528548599727-00a57727-7a7c\"><button class=\"w-tabs-section-header\" aria-controls=\"content-1528548599727-00a57727-7a7c\" aria-expanded=\"false\"><div class=\"w-tabs-section-title\">Sonntag<\/div><div class=\"w-tabs-section-control\"><\/div><\/button><div  class=\"w-tabs-section-content\" id=\"content-1528548599727-00a57727-7a7c\"><div class=\"w-tabs-section-content-h i-cf\"><div class=\"wpb_text_column\"><div class=\"wpb_wrapper\">\n<table id=\"tablepress-5\" class=\"tablepress tablepress-id-5\">\n<tbody>\n<tr class=\"row-1\">\n\t<td class=\"column-1\">00:30<\/td><td class=\"column-2\">Denis Sulta<\/td>\n<\/tr>\n<tr class=\"row-2\">\n\t<td class=\"column-1\">03:30<\/td><td class=\"column-2\">SRVD Live (aka Patrick Mason &amp; Radio Slave )<\/td>\n<\/tr>\n<tr class=\"row-3\">\n\t<td class=\"column-1\">04:30<\/td><td class=\"column-2\">Radio Slave<\/td>\n<\/tr>\n<tr class=\"row-4\">\n\t<td class=\"column-1\">06:30<\/td><td class=\"column-2\">Asa Moto<\/td>\n<\/tr>\n<tr class=\"row-5\">\n\t<td class=\"column-1\">09:30<\/td><td class=\"column-2\">Rampue - live<\/td>\n<\/tr>\n<tr class=\"row-6\">\n\t<td class=\"column-1\">11:00<\/td><td class=\"column-2\">Dadadisco<\/td>\n<\/tr>\n<tr class=\"row-7\">\n\t<td class=\"column-1\">14:00<\/td><td class=\"column-2\">Aussteiger<\/td>\n<\/tr>\n<tr class=\"row-8\">\n\t<td class=\"column-1\">17:00<\/td><td class=\"column-2\">Cotumo<\/td>\n<\/tr>\n<tr class=\"row-9\">\n\t<td class=\"column-1\">20:00<\/td><td class=\"column-2\">Ende<\/td>\n<\/tr>\n<\/tbody>\n<\/table>\n\n<\/div><\/div><\/div><\/div><\/div><\/div><\/div><\/div><\/div><\/div><div class=\"vc_col-sm-4 wpb_column vc_column_container has_text_color has_bg_color\"><div class=\"vc_column-inner us_custom_de43b404\"><div class=\"wpb_wrapper\"><div class=\"wpb_text_column title-pink\"><div class=\"wpb_wrapper\"><div class=\"foot-title\">SPELUNKE<\/div>\n<\/div><\/div><div class=\"w-tabs style_default switch_click accordion has_scrolling\" style=\"--sections-title-size:inherit\"><div class=\"w-tabs-sections titles-align_none icon_chevron cpos_right\"><div class=\"w-tabs-section\" id=\"1528548849002-590d4961-5eb5\"><button class=\"w-tabs-section-header\" aria-controls=\"content-1528548849002-590d4961-5eb5\" aria-expanded=\"false\"><div class=\"w-tabs-section-title\">Freitag<\/div><div class=\"w-tabs-section-control\"><\/div><\/button><div  class=\"w-tabs-section-content\" id=\"content-1528548849002-590d4961-5eb5\"><div class=\"w-tabs-section-content-h i-cf\"><div class=\"wpb_text_column\"><div class=\"wpb_wrapper\">\n<table id=\"tablepress-2\" class=\"tablepress tablepress-id-2\">\n<tbody>\n<tr class=\"row-1\">\n\t<td class=\"column-1\">15:00<\/td><td class=\"column-2\">Fragen Fragen<\/td>\n<\/tr>\n<tr class=\"row-2\">\n\t<td class=\"column-1\">19:00<\/td><td class=\"column-2\">Mindtram - live<\/td>\n<\/tr>\n<tr class=\"row-3\">\n\t<td class=\"column-1\">20:00<\/td><td class=\"column-2\">Monkeyman<\/td>\n<\/tr>\n<tr class=\"row-4\">\n\t<td class=\"column-1\">22:00<\/td><td class=\"column-2\">Randweg<\/td>\n<\/tr>\n<tr class=\"row-5\">\n\t<td class=\"column-1\">23:00<\/td><td class=\"column-2\">Felde<\/td>\n<\/tr>\n<tr class=\"row-6\">\n\t<td class=\"column-1\">01:00<\/td><td class=\"column-2\">Lakkes<\/td>\n<\/tr>\n<tr class=\"row-7\">\n\t<td class=\"column-1\">03:00<\/td><td class=\"column-2\">DEAF - live<\/td>\n<\/tr>\n<tr class=\"row-8\">\n\t<td class=\"column-1\">04:00<\/td><td class=\"column-2\">Aryon Agape<\/td>\n<\/tr>\n<tr class=\"row-9\">\n\t<td class=\"column-1\">06:00<\/td><td class=\"column-2\">Ende<\/td>\n<\/tr>\n<\/tbody>\n<\/table>\n\n<\/div><\/div><\/div><\/div><\/div><div class=\"w-tabs-section\" id=\"1528548849022-a9f8f330-dc49\"><button class=\"w-tabs-section-header\" aria-controls=\"content-1528548849022-a9f8f330-dc49\" aria-expanded=\"false\"><div class=\"w-tabs-section-title\">Samstag<\/div><div class=\"w-tabs-section-control\"><\/div><\/button><div  class=\"w-tabs-section-content\" id=\"content-1528548849022-a9f8f330-dc49\"><div class=\"w-tabs-section-content-h i-cf\"><div class=\"wpb_text_column\"><div class=\"wpb_wrapper\">\n<table id=\"tablepress-6\" class=\"tablepress tablepress-id-6\">\n<tbody>\n<tr class=\"row-1\">\n\t<td class=\"column-1\">14:00<\/td><td class=\"column-2\"><b>Spelunke Sturmfrei:<\/b><br \/>\nAndy Snatch<br \/>\n<i>Englands charmantester Stra\u00dfenk\u00fcnstler packt sein Schlappseil aus. Originellste Jonglage, gr\u00f6\u00dfte Frechheit und umwerfendste Ausstrahlung f\u00fchren zu einem Finale bei dem nicht nur Andy Snatch am n\u00e4chsten Tag Muskelkater haben wird.<\/i><\/td>\n<\/tr>\n<tr class=\"row-2\">\n\t<td class=\"column-1\">15:30<\/td><td class=\"column-2\"><b>Spelunke Sturmfrei:<\/b><br \/>\nSedlmeier<br \/>\n<i>Gonzo-Rock\u2019n\u2019Roll und Wahrheit. Das musikalische Perpetuum Mobile des gro\u00dfen Entertainments in einer kleinkarierten Welt. Oder einfach ausgedr\u00fcckt: \u201cDeutschlands<br \/>\nbeste One-Man-Band\u201d<\/i><\/td>\n<\/tr>\n<tr class=\"row-3\">\n\t<td class=\"column-1\">17:00<\/td><td class=\"column-2\"><b>Spelunke Sturmfrei:<\/b><br \/>\nCerrYO!kie<br \/>\n<i>CherrYO!kie is an all singing, all dancing karaoke dance party that puts you center stage with your very own back-up singers and dancers.<\/i><\/td>\n<\/tr>\n<tr class=\"row-4\">\n\t<td class=\"column-1\"><\/td><td class=\"column-2\"><\/td>\n<\/tr>\n<tr class=\"row-5\">\n\t<td class=\"column-1\">20:00<\/td><td class=\"column-2\">Wasn &amp; Wunderwaffel<\/td>\n<\/tr>\n<tr class=\"row-6\">\n\t<td class=\"column-1\">23:00<\/td><td class=\"column-2\">Birdkeeper &amp; Samtbody<\/td>\n<\/tr>\n<tr class=\"row-7\">\n\t<td class=\"column-1\">02:00<\/td><td class=\"column-2\">Tales from the Wood &amp; Der Urkunde<\/td>\n<\/tr>\n<tr class=\"row-8\">\n\t<td class=\"column-1\">05:00<\/td><td class=\"column-2\">Maugli &amp; Gammler<\/td>\n<\/tr>\n<tr class=\"row-9\">\n\t<td class=\"column-1\">08:00<\/td><td class=\"column-2\">Pause<\/td>\n<\/tr>\n<\/tbody>\n<\/table>\n\n<\/div><\/div><\/div><\/div><\/div><div class=\"w-tabs-section\" id=\"1528548927970-cf8ddcfb-af79\"><button class=\"w-tabs-section-header\" aria-controls=\"content-1528548927970-cf8ddcfb-af79\" aria-expanded=\"false\"><div class=\"w-tabs-section-title\">Sonntag<\/div><div class=\"w-tabs-section-control\"><\/div><\/button><div  class=\"w-tabs-section-content\" id=\"content-1528548927970-cf8ddcfb-af79\"><div class=\"w-tabs-section-content-h i-cf\"><div class=\"wpb_text_column\"><div class=\"wpb_wrapper\">\n<table id=\"tablepress-7\" class=\"tablepress tablepress-id-7\">\n<tbody>\n<tr class=\"row-1\">\n\t<td class=\"column-1\">10:00<\/td><td class=\"column-2\"><b>Spelunke Sturmfrei:<\/b><br \/>\nSchuld &amp; B\u00fchne<br \/>\n<i>Clint Lukas und Ruth Herzberg machen die Schuld und B\u00fchne Morningshow. Wir sprechen \u00fcber unsere S\u00fcnden und lesen Texte vor und reden uns um Kopf und Kragen.<\/i><\/td>\n<\/tr>\n<tr class=\"row-2\">\n\t<td class=\"column-1\">11:30<\/td><td class=\"column-2\"><b>Spelunke Sturmfrei:<\/b><br \/>\nAndy Snatch<br \/>\n<i>Englands charmantester Stra\u00dfenk\u00fcnstler packt sein Schlappseil aus. Originellste Jonglage, gr\u00f6\u00dfte Frechheit und umwerfendste Ausstrahlung f\u00fchren zu einem Finale bei<br \/>\ndem nicht nur Andy Snatch am n\u00e4chsten Tag Muskelkater haben wird.<\/i><\/td>\n<\/tr>\n<tr class=\"row-3\">\n\t<td class=\"column-1\">13:00<\/td><td class=\"column-2\"><b>Spelunke Sturmfrei:<\/b><br \/>\nGorillas<br \/>\n<i>Die Gorillas und ihr Improvisationstheater gibt es schon genau so lange wie die Nation. Seit Mitte der 90er bespielen sie nonstop das Kreuzberger Ratibor-Theater. Jetzt sind sie hier und brauchen Euch und Eure Vorschl\u00e4ge  - um aus dem scheinbaren Nichts Szenen, Songs, Atmosph\u00e4ren und Geschichten zu zaubern.<\/i><\/td>\n<\/tr>\n<tr class=\"row-4\">\n\t<td class=\"column-1\">14:00<\/td><td class=\"column-2\"><b>Spelunke Sturmfrei:<\/b><br \/>\nPastor Leumund &amp; Dr. Telefon&shy;mann<br \/>\n<i>Dada-Rap &amp; Diskursdisko mit Durchhalteparolen f\u00fcr Durchgeknallte<\/i><\/td>\n<\/tr>\n<tr class=\"row-5\">\n\t<td class=\"column-1\"><\/td><td class=\"column-2\"><\/td>\n<\/tr>\n<tr class=\"row-6\">\n\t<td class=\"column-1\">21:15<\/td><td class=\"column-2\">Flirren - live<\/td>\n<\/tr>\n<tr class=\"row-7\">\n\t<td class=\"column-1\">23:15<\/td><td class=\"column-2\">Heimlich Kn\u00fcller<\/td>\n<\/tr>\n<tr class=\"row-8\">\n\t<td class=\"column-1\">02:15<\/td><td class=\"column-2\">Caleesi &amp; Sarah Kreis<\/td>\n<\/tr>\n<tr class=\"row-9\">\n\t<td class=\"column-1\">08:00<\/td><td class=\"column-2\">Ende<\/td>\n<\/tr>\n<\/tbody>\n<\/table>\n\n<\/div><\/div><\/div><\/div><\/div><\/div><\/div><\/div><\/div><\/div><div class=\"vc_col-sm-4 wpb_column vc_column_container has_text_color has_bg_color\"><div class=\"vc_column-inner us_custom_de43b404\"><div class=\"wpb_wrapper\"><div class=\"wpb_text_column title-pink\"><div class=\"wpb_wrapper\"><div class=\"foot-title\">WIESE<\/div>\n<\/div><\/div><div class=\"w-tabs style_default switch_click accordion has_scrolling\" style=\"--sections-title-size:inherit\"><div class=\"w-tabs-sections titles-align_none icon_chevron cpos_right\"><div class=\"w-tabs-section\" id=\"1528549064410-7d97cdc8-0d72\"><button class=\"w-tabs-section-header\" aria-controls=\"content-1528549064410-7d97cdc8-0d72\" aria-expanded=\"false\"><div class=\"w-tabs-section-title\">Samstag<\/div><div class=\"w-tabs-section-control\"><\/div><\/button><div  class=\"w-tabs-section-content\" id=\"content-1528549064410-7d97cdc8-0d72\"><div class=\"w-tabs-section-content-h i-cf\"><div class=\"wpb_text_column\"><div class=\"wpb_wrapper\">\n<table id=\"tablepress-3\" class=\"tablepress tablepress-id-3\">\n<tbody>\n<tr class=\"row-1\">\n\t<td class=\"column-1\">12:30<\/td><td class=\"column-2\">Beda<\/td>\n<\/tr>\n<tr class=\"row-2\">\n\t<td class=\"column-1\">15:00<\/td><td class=\"column-2\">Sportbrigade Sparwasser<\/td>\n<\/tr>\n<tr class=\"row-3\">\n\t<td class=\"column-1\">17:30<\/td><td class=\"column-2\">Der Dritte Raum - live<\/td>\n<\/tr>\n<tr class=\"row-4\">\n\t<td class=\"column-1\">19:00<\/td><td class=\"column-2\">Kim Ann Foxman <\/td>\n<\/tr>\n<tr class=\"row-5\">\n\t<td class=\"column-1\">21:30<\/td><td class=\"column-2\">Joel Mull<\/td>\n<\/tr>\n<tr class=\"row-6\">\n\t<td class=\"column-1\">00:00<\/td><td class=\"column-2\">Freddy K<\/td>\n<\/tr>\n<\/tbody>\n<\/table>\n\n<\/div><\/div><\/div><\/div><\/div><div class=\"w-tabs-section\" id=\"1528549064433-5c0c87be-57c8\"><button class=\"w-tabs-section-header\" aria-controls=\"content-1528549064433-5c0c87be-57c8\" aria-expanded=\"false\"><div class=\"w-tabs-section-title\">Sonntag<\/div><div class=\"w-tabs-section-control\"><\/div><\/button><div  class=\"w-tabs-section-content\" id=\"content-1528549064433-5c0c87be-57c8\"><div class=\"w-tabs-section-content-h i-cf\"><div class=\"wpb_text_column\"><div class=\"wpb_wrapper\">\n<table id=\"tablepress-8\" class=\"tablepress tablepress-id-8\">\n<tbody>\n<tr class=\"row-1\">\n\t<td class=\"column-1\">02:30<\/td><td class=\"column-2\">R\u00f8dh\u00e5d<\/td>\n<\/tr>\n<tr class=\"row-2\">\n\t<td class=\"column-1\">05:00<\/td><td class=\"column-2\">Anetha<\/td>\n<\/tr>\n<tr class=\"row-3\">\n\t<td class=\"column-1\">07:30<\/td><td class=\"column-2\">Extrawelt - live<\/td>\n<\/tr>\n<tr class=\"row-4\">\n\t<td class=\"column-1\">09:00<\/td><td class=\"column-2\">HOSH<\/td>\n<\/tr>\n<tr class=\"row-5\">\n\t<td class=\"column-1\">11:30<\/td><td class=\"column-2\">Mind against<\/td>\n<\/tr>\n<tr class=\"row-6\">\n\t<td class=\"column-1\">14:00<\/td><td class=\"column-2\">Monika Kruse<\/td>\n<\/tr>\n<tr class=\"row-7\">\n\t<td class=\"column-1\">16:00<\/td><td class=\"column-2\">Art Department<\/td>\n<\/tr>\n<tr class=\"row-8\">\n\t<td class=\"column-1\">18:30<\/td><td class=\"column-2\">Sven Dohse<\/td>\n<\/tr>\n<tr class=\"row-9\">\n\t<td class=\"column-1\">21:00<\/td><td class=\"column-2\">Ende<\/td>\n<\/tr>\n<\/tbody>\n<\/table>\n\n<\/div><\/div><\/div><\/div><\/div><\/div><\/div><\/div><\/div><\/div><\/div><\/div><\/section><section class=\"l-section wpb_row height_auto\"><div class=\"l-section-h i-cf\"><div class=\"g-cols vc_row via_flex valign_top type_default stacking_default\" style=\"--additional-gap:10px;\"><div class=\"vc_col-sm-4 wpb_column vc_column_container has_text_color has_bg_color\"><div class=\"vc_column-inner us_custom_de43b404\"><div class=\"wpb_wrapper\"><div class=\"wpb_text_column title-pink\"><div class=\"wpb_wrapper\"><div class=\"foot-title\">BEI BIRKE<\/div>\n<\/div><\/div><div class=\"w-tabs style_default switch_click accordion has_scrolling\" style=\"--sections-title-size:inherit\"><div class=\"w-tabs-sections titles-align_none icon_chevron cpos_right\"><div class=\"w-tabs-section\" id=\"1528549348716-84e44d1e-4558\"><button class=\"w-tabs-section-header\" aria-controls=\"content-1528549348716-84e44d1e-4558\" aria-expanded=\"false\"><div class=\"w-tabs-section-title\">Freitag<\/div><div class=\"w-tabs-section-control\"><\/div><\/button><div  class=\"w-tabs-section-content\" id=\"content-1528549348716-84e44d1e-4558\"><div class=\"w-tabs-section-content-h i-cf\"><div class=\"wpb_text_column\"><div class=\"wpb_wrapper\">\n<table id=\"tablepress-9\" class=\"tablepress tablepress-id-9\">\n<tbody>\n<tr class=\"row-1\">\n\t<td class=\"column-1\">15:00<\/td><td class=\"column-2\">Grizzly<\/td>\n<\/tr>\n<tr class=\"row-2\">\n\t<td class=\"column-1\">17:30<\/td><td class=\"column-2\">Zwielicht<\/td>\n<\/tr>\n<tr class=\"row-3\">\n\t<td class=\"column-1\">20:00<\/td><td class=\"column-2\">Suse<\/td>\n<\/tr>\n<tr class=\"row-4\">\n\t<td class=\"column-1\">22:30<\/td><td class=\"column-2\">Re-Peater<\/td>\n<\/tr>\n<tr class=\"row-5\">\n\t<td class=\"column-1\">01:00<\/td><td class=\"column-2\">Esshar<\/td>\n<\/tr>\n<tr class=\"row-6\">\n\t<td class=\"column-1\">03:30<\/td><td class=\"column-2\">Charon Styx<\/td>\n<\/tr>\n<tr class=\"row-7\">\n\t<td class=\"column-1\">06:00<\/td><td class=\"column-2\">Ende<\/td>\n<\/tr>\n<\/tbody>\n<\/table>\n\n<\/div><\/div><\/div><\/div><\/div><div class=\"w-tabs-section\" id=\"1528549348742-77b23b96-3406\"><button class=\"w-tabs-section-header\" aria-controls=\"content-1528549348742-77b23b96-3406\" aria-expanded=\"false\"><div class=\"w-tabs-section-title\">Samstag<\/div><div class=\"w-tabs-section-control\"><\/div><\/button><div  class=\"w-tabs-section-content\" id=\"content-1528549348742-77b23b96-3406\"><div class=\"w-tabs-section-content-h i-cf\"><div class=\"wpb_text_column\"><div class=\"wpb_wrapper\">\n<table id=\"tablepress-10\" class=\"tablepress tablepress-id-10\">\n<tbody>\n<tr class=\"row-1\">\n\t<td class=\"column-1\">13:00<\/td><td class=\"column-2\">DJ C.T.<\/td>\n<\/tr>\n<tr class=\"row-2\">\n\t<td class=\"column-1\">15:30<\/td><td class=\"column-2\">Jessica Lindner<\/td>\n<\/tr>\n<tr class=\"row-3\">\n\t<td class=\"column-1\">18:00<\/td><td class=\"column-2\">Milou<\/td>\n<\/tr>\n<tr class=\"row-4\">\n\t<td class=\"column-1\">20:30<\/td><td class=\"column-2\">Bodzen b2b Kollektiv Klanggut<\/td>\n<\/tr>\n<tr class=\"row-5\">\n\t<td class=\"column-1\">23:00<\/td><td class=\"column-2\">Mehr is Mehr<\/td>\n<\/tr>\n<\/tbody>\n<\/table>\n\n<\/div><\/div><\/div><\/div><\/div><div class=\"w-tabs-section\" id=\"1528549721147-e9edc48d-a89e\"><button class=\"w-tabs-section-header\" aria-controls=\"content-1528549721147-e9edc48d-a89e\" aria-expanded=\"false\"><div class=\"w-tabs-section-title\">Sonntag<\/div><div class=\"w-tabs-section-control\"><\/div><\/button><div  class=\"w-tabs-section-content\" id=\"content-1528549721147-e9edc48d-a89e\"><div class=\"w-tabs-section-content-h i-cf\"><div class=\"wpb_text_column\"><div class=\"wpb_wrapper\">\n<table id=\"tablepress-11\" class=\"tablepress tablepress-id-11\">\n<tbody>\n<tr class=\"row-1\">\n\t<td class=\"column-1\">01:30<\/td><td class=\"column-2\">Patrick Malessa b2b The Reason Y<\/td>\n<\/tr>\n<tr class=\"row-2\">\n\t<td class=\"column-1\">04:00<\/td><td class=\"column-2\">Vittjas Tief<\/td>\n<\/tr>\n<tr class=\"row-3\">\n\t<td class=\"column-1\">06:30<\/td><td class=\"column-2\">Malissa<\/td>\n<\/tr>\n<tr class=\"row-4\">\n\t<td class=\"column-1\">09:00<\/td><td class=\"column-2\">Public Emely &amp; See Bastian<\/td>\n<\/tr>\n<tr class=\"row-5\">\n\t<td class=\"column-1\">12:00<\/td><td class=\"column-2\">Ende<\/td>\n<\/tr>\n<\/tbody>\n<\/table>\n\n<\/div><\/div><\/div><\/div><\/div><\/div><\/div><\/div><\/div><\/div><div class=\"vc_col-sm-4 wpb_column vc_column_container has_text_color has_bg_color\"><div class=\"vc_column-inner us_custom_de43b404\"><div class=\"wpb_wrapper\"><div class=\"wpb_text_column title-pink\"><div class=\"wpb_wrapper\"><div class=\"foot-title\">SCHRANK<\/div>\n<\/div><\/div><div class=\"w-tabs style_default switch_click accordion has_scrolling\" style=\"--sections-title-size:inherit\"><div class=\"w-tabs-sections titles-align_none icon_chevron cpos_right\"><div class=\"w-tabs-section\" id=\"1528549837605-528ed818-a3d4\"><button class=\"w-tabs-section-header\" aria-controls=\"content-1528549837605-528ed818-a3d4\" aria-expanded=\"false\"><div class=\"w-tabs-section-title\">Freitag &#8211; Sonntag<\/div><div class=\"w-tabs-section-control\"><\/div><\/button><div  class=\"w-tabs-section-content\" id=\"content-1528549837605-528ed818-a3d4\"><div class=\"w-tabs-section-content-h i-cf\"><div class=\"wpb_text_column\"><div class=\"wpb_wrapper\"><p>Moon In My Pocket<br \/>\nVerschnibbt&amp;Zugen\u00e4ht<br \/>\nDie Motten<br \/>\nStrobopeter<br \/>\nShervin Akbari<br \/>\nPaul Zehner<br \/>\nOleg Maximov<br \/>\nHerbert<br \/>\nSchaule<br \/>\nVtrn<br \/>\nEr Hier<br \/>\nBuona Sara<br \/>\n2 Meter 2 Mark<br \/>\nIsabeau Fort<br \/>\nN\u00f8vae<br \/>\nDie Made und das Dirn<br \/>\nZappadeus<\/p>\n<\/div><\/div><\/div><\/div><\/div><\/div><\/div><\/div><\/div><\/div><div class=\"vc_col-sm-4 wpb_column vc_column_container has_text_color has_bg_color\"><div class=\"vc_column-inner us_custom_de43b404\"><div class=\"wpb_wrapper\"><div class=\"wpb_text_column title-pink\"><div class=\"wpb_wrapper\"><div class=\"foot-title\">SEE-BAR<\/div>\n<\/div><\/div><div class=\"w-tabs style_default switch_click accordion has_scrolling\" style=\"--sections-title-size:inherit\"><div class=\"w-tabs-sections titles-align_none icon_chevron cpos_right\"><div class=\"w-tabs-section\" id=\"1528550041937-da05c003-9508\"><button class=\"w-tabs-section-header\" aria-controls=\"content-1528550041937-da05c003-9508\" aria-expanded=\"false\"><div class=\"w-tabs-section-title\">Sonntag<\/div><div class=\"w-tabs-section-control\"><\/div><\/button><div  class=\"w-tabs-section-content\" id=\"content-1528550041937-da05c003-9508\"><div class=\"w-tabs-section-content-h i-cf\"><div class=\"wpb_text_column\"><div class=\"wpb_wrapper\">\n<table id=\"tablepress-12\" class=\"tablepress tablepress-id-12\">\n<tbody>\n<tr class=\"row-1\">\n\t<td class=\"column-1\">22:00<\/td><td class=\"column-2\">Peer Gregorius<\/td>\n<\/tr>\n<\/tbody>\n<\/table>\n\n<\/div><\/div><\/div><\/div><\/div><\/div><\/div><\/div><\/div><\/div><\/div><\/div><\/section>\n","protected":false},"excerpt":{"rendered":"SEE Freitag 15:00DJ Rolle 17:30Jama 20:00 Lassmalaura &amp; Elliver 23:30David Dorad 02:00Stimming - live 03:30Julian Stettner 06:00Ende Samstag 12:00Gr\u00fcnefelder Frauenchor 12:30Maurizio Schmitz 15:30Marcus Carp 18:30ItaloJohnson 21:30Move D Sonntag 00:30Denis Sulta 03:30SRVD Live (aka Patrick Mason &amp; Radio Slave ) 04:30Radio Slave 06:30Asa Moto 09:30Rampue - live 11:00Dadadisco 14:00Aussteiger 17:00Cotumo 20:00Ende SPELUNKE Freitag 15:00Fragen Fragen 19:00Mindtram...","protected":false},"author":1,"featured_media":0,"parent":0,"menu_order":0,"comment_status":"closed","ping_status":"closed","template":"","meta":{"footnotes":""},"class_list":["post-40","page","type-page","status-publish","hentry"],"_links":{"self":[{"href":"https:\/\/pyonen.de\/nog2019\/wp-json\/wp\/v2\/pages\/40"}],"collection":[{"href":"https:\/\/pyonen.de\/nog2019\/wp-json\/wp\/v2\/pages"}],"about":[{"href":"https:\/\/pyonen.de\/nog2019\/wp-json\/wp\/v2\/types\/page"}],"author":[{"embeddable":true,"href":"https:\/\/pyonen.de\/nog2019\/wp-json\/wp\/v2\/users\/1"}],"replies":[{"embeddable":true,"href":"https:\/\/pyonen.de\/nog2019\/wp-json\/wp\/v2\/comments?post=40"}],"version-history":[{"count":15,"href":"https:\/\/pyonen.de\/nog2019\/wp-json\/wp\/v2\/pages\/40\/revisions"}],"predecessor-version":[{"id":624,"href":"https:\/\/pyonen.de\/nog2019\/wp-json\/wp\/v2\/pages\/40\/revisions\/624"}],"wp:attachment":[{"href":"https:\/\/pyonen.de\/nog2019\/wp-json\/wp\/v2\/media?parent=40"}],"curies":[{"name":"wp","href":"https:\/\/api.w.org\/{rel}","templated":true}]}}