{"id":42,"date":"2019-04-04T21:08:31","date_gmt":"2019-04-04T19:08:31","guid":{"rendered":"https:\/\/pyonen.de\/nog2019\/?page_id=42"},"modified":"2021-05-04T13:57:14","modified_gmt":"2021-05-04T11:57:14","slug":"tickets-3","status":"publish","type":"page","link":"https:\/\/pyonen.de\/nog2019\/tickets-3\/","title":{"rendered":"TICKETS"},"content":{"rendered":"<section class=\"l-section wpb_row height_auto\"><div class=\"l-section-h i-cf\"><div class=\"g-cols vc_row via_flex valign_top type_default stacking_default\"><div class=\"vc_col-sm-4 wpb_column vc_column_container\"><div class=\"vc_column-inner\"><div class=\"wpb_wrapper\"><\/div><\/div><\/div><div class=\"vc_col-sm-4 wpb_column vc_column_container\"><div class=\"vc_column-inner\"><div class=\"wpb_wrapper\"><div class=\"w-image align_none us_animate_afb\"><div class=\"w-image-h\"><img loading=\"lazy\" decoding=\"async\" width=\"452\" height=\"446\" src=\"https:\/\/pyonen.de\/nog2019\/wp-content\/uploads\/2019\/04\/nation-of-gondwana-2019-logo-02.png\" class=\"attachment-full size-full\" alt=\"\" srcset=\"https:\/\/pyonen.de\/nog2019\/wp-content\/uploads\/2019\/04\/nation-of-gondwana-2019-logo-02.png 452w, https:\/\/pyonen.de\/nog2019\/wp-content\/uploads\/2019\/04\/nation-of-gondwana-2019-logo-02-300x296.png 300w\" sizes=\"(max-width: 452px) 100vw, 452px\" \/><\/div><\/div><\/div><\/div><\/div><div class=\"vc_col-sm-4 wpb_column vc_column_container\"><div class=\"vc_column-inner\"><div class=\"wpb_wrapper\"><\/div><\/div><\/div><\/div><\/div><\/section><section class=\"l-section wpb_row height_auto\"><div class=\"l-section-h i-cf\"><div class=\"g-cols vc_row via_flex valign_top type_default stacking_default\" style=\"--additional-gap:5px;\"><div class=\"vc_col-sm-4 wpb_column vc_column_container has_text_color has_bg_color\"><div class=\"vc_column-inner us_custom_de43b404\"><div class=\"wpb_wrapper\"><div class=\"wpb_text_column ticket-column\"><div class=\"wpb_wrapper\"><div class=\"title-pink\">TICKETS<\/div>\n<hr \/>\n<p><i class=\"fa fa-angle-right\"><\/i> Im Ticketpreis ist bereits ein M\u00fcllpfand in H\u00f6he von 5 EUR enthalten.<\/p>\n<p><i class=\"fa fa-angle-right\"><\/i> Die Zustimmung zu unseren <a class=\"e\" href=\"\/nog2019\/agb\/\">AGB<\/a> ist Bedingung f\u00fcr den Kauf von Tickets! Wir hoffen hiermit, den gewinn\u00adbringenden Weiterverkauf der Tickets unterbinden zu k\u00f6nnen.<\/p>\n<\/div><\/div><\/div><\/div><\/div><div class=\"vc_col-sm-4 wpb_column vc_column_container has_text_color has_bg_color\"><div class=\"vc_column-inner us_custom_de43b404\"><div class=\"wpb_wrapper\"><div class=\"wpb_text_column ticket-column\"><div class=\"wpb_wrapper\"><div class=\"title-pink\">KFZ TICKETS<\/div>\n<hr \/>\n<p><i class=\"fa fa-angle-right\"><\/i> Wer mit einem KfZ anreisen will, ben\u00f6tigt hierf\u00fcr ein KFZ-Ticket! Die Campingfl\u00e4che ist begrenzt, die Tickets sind deshalb kontingentiert und erfahrungsgem\u00e4\u00df sehr schnell ausgebucht.<\/p>\n<p><i class=\"fa fa-angle-right\"><\/i> Es wird ab Bahnhof Nauen wieder kostenlose Shuttlebusse geben mit denen ihr bequem und umweltfreundlich auf die Nation kommt (siehe <a class=\"e\" href=\"\/nog2019\/anfahrt\/\">Anfahrt<\/a>).<\/p>\n<p>Im Ort gibt es <strong>keine<\/strong> weiteren Parkm\u00f6glichkeiten, hier parkende Fahrzeuge werden abgeschleppt.<\/p>\n<p><!--Wer mit dem Auto kommen will, muss (zus\u00e4tzlich) ein Auto\u00adticket bestellen.--><\/p>\n<\/div><\/div><\/div><\/div><\/div><div class=\"vc_col-sm-4 wpb_column vc_column_container has_text_color has_bg_color\"><div class=\"vc_column-inner us_custom_de43b404\"><div class=\"wpb_wrapper\"><div class=\"wpb_text_column ticket-column\"><div class=\"wpb_wrapper\"><div class=\"title-pink\">FAHRRADGARDEROBE<\/div>\n<hr \/>\n<p><i class=\"fa fa-angle-right\"><\/i> Dieses Jahr gibt es wieder eine \u00fcberwachte Fahrradgarderobe.<\/p>\n<p><i class=\"fa fa-angle-right\"><\/i> Bitte bucht euch bereits jetzt einen Stellplatz, so dass wir unsere Kapazit\u00e4ten entsprechend anpassen k\u00f6nnen. Danke!<\/p>\n<p><!--Die Tickets f\u00fcr die Fahrradgarderobe sind leider bereits ausverkauft.--><\/p>\n<\/div><\/div><\/div><\/div><\/div><\/div><\/div><\/section><section class=\"l-section wpb_row us_custom_0f8f44b7 height_auto\"><div class=\"l-section-h i-cf\"><div class=\"g-cols vc_row via_flex valign_top type_default stacking_default\"><div class=\"vc_col-sm-12 wpb_column vc_column_container ticketshop has_bg_color\"><div class=\"vc_column-inner us_custom_0f76a4d1\"><div class=\"wpb_wrapper\"><div class=\"wpb_text_column\"><div class=\"wpb_wrapper\"><div class=\"title-pink\">TICKETSHOP<\/div>\n<hr \/>\n<h1>Tickets ab Anfang April hier erh\u00e4ltlich<\/h1>\n<p><!--<iframe loading=\"lazy\" class=\"frame\" src=\"https:\/\/www.tixforgigs.com\/site\/Pages\/TemplateSystem\/EventDetailsTemplate.aspx?templateId=44e60c99-8b00-4250-9029-6c5b10a13cd4&amp;eventId=29919\" name=\"Nation Of Gondwana_ticketshop\" width=\"100%\" height=\"600\" frameborder=\"0\">Dein Browser unterst\u00fctzt keine Iframes. <a href=\"https:\/\/www.tixforgigs.com\/site\/Pages\/Shop\/ShowEvent.aspx?ID=12179\">Tickets gibt's hier!<\/a>.<\/iframe>--><\/p>\n<\/div><\/div><div class=\"wpb_text_column\"><div class=\"wpb_wrapper\"><hr \/>\n<div class=\"klein\"><i class=\"fa fa-hand-point-right\"><\/i> Die komplette Ticketabwicklung l\u00e4uft \u00fcber <a href=\"https:\/\/www.tixforgigs.com\" target=\"_blank\" rel=\"noopener noreferrer\">TixforGigs<\/a>. Bei Fragen oder Problemen bitte Kontakt aufnehmen unter: E-Mail: <a href=\"mailto:support@tixforgigs.com\" target=\"_blank\" rel=\"noopener noreferrer\">support@tixforgigs.com<\/a> oder <a href=\"https:\/\/www.tixforgigs.com\/site\/Pages\/FAQ.aspx#4_06\" target=\"_blank\" rel=\"noopener noreferrer\">hier<\/a> F.A.Q.s ansehen<\/div>\n<\/div><\/div><\/div><\/div><\/div><\/div><\/div><\/section><section class=\"l-section wpb_row height_medium\"><div class=\"l-section-h i-cf\"><div class=\"g-cols vc_row via_flex valign_top type_default stacking_default\"><div class=\"vc_col-sm-12 wpb_column vc_column_container\"><div class=\"vc_column-inner\"><div class=\"wpb_wrapper\"><div class=\"wpb_text_column\"><div class=\"wpb_wrapper\"><\/div><\/div><\/div><\/div><\/div><\/div><\/div><\/section>\n","protected":false},"excerpt":{"rendered":"TICKETS Im Ticketpreis ist bereits ein M\u00fcllpfand in H\u00f6he von 5 EUR enthalten. Die Zustimmung zu unseren AGB ist Bedingung f\u00fcr den Kauf von Tickets! Wir hoffen hiermit, den gewinn\u00adbringenden Weiterverkauf der Tickets unterbinden zu k\u00f6nnen. KFZ TICKETS Wer mit einem KfZ anreisen will, ben\u00f6tigt hierf\u00fcr ein KFZ-Ticket! Die Campingfl\u00e4che ist begrenzt, die Tickets sind...","protected":false},"author":1,"featured_media":0,"parent":0,"menu_order":0,"comment_status":"closed","ping_status":"closed","template":"","meta":{"footnotes":""},"class_list":["post-42","page","type-page","status-publish","hentry"],"_links":{"self":[{"href":"https:\/\/pyonen.de\/nog2019\/wp-json\/wp\/v2\/pages\/42"}],"collection":[{"href":"https:\/\/pyonen.de\/nog2019\/wp-json\/wp\/v2\/pages"}],"about":[{"href":"https:\/\/pyonen.de\/nog2019\/wp-json\/wp\/v2\/types\/page"}],"author":[{"embeddable":true,"href":"https:\/\/pyonen.de\/nog2019\/wp-json\/wp\/v2\/users\/1"}],"replies":[{"embeddable":true,"href":"https:\/\/pyonen.de\/nog2019\/wp-json\/wp\/v2\/comments?post=42"}],"version-history":[{"count":31,"href":"https:\/\/pyonen.de\/nog2019\/wp-json\/wp\/v2\/pages\/42\/revisions"}],"predecessor-version":[{"id":625,"href":"https:\/\/pyonen.de\/nog2019\/wp-json\/wp\/v2\/pages\/42\/revisions\/625"}],"wp:attachment":[{"href":"https:\/\/pyonen.de\/nog2019\/wp-json\/wp\/v2\/media?parent=42"}],"curies":[{"name":"wp","href":"https:\/\/api.w.org\/{rel}","templated":true}]}}