{"id":728,"date":"2020-03-20T09:44:09","date_gmt":"2020-03-20T08:44:09","guid":{"rendered":"http:\/\/pyonen.de\/nog2021\/?page_id=728"},"modified":"2021-04-29T19:32:31","modified_gmt":"2021-04-29T17:32:31","slug":"selbstverstaendnis","status":"publish","type":"page","link":"https:\/\/pyonen.de\/nog2021\/selbstverstaendnis\/","title":{"rendered":"Selbstverst\u00e4ndnis"},"content":{"rendered":"<section class=\"l-section wpb_row us_custom_6768749b height_medium\"><div class=\"l-section-h i-cf\"><div class=\"g-cols vc_row via_flex valign_top type_default stacking_default\"><div class=\"vc_col-sm-12 wpb_column vc_column_container has_text_color has_bg_color\"><div class=\"vc_column-inner us_custom_ebf9f408\"><div class=\"wpb_wrapper\"><div class=\"wpb_text_column us_custom_2eec13b6 list-style-agb covid-absage\"><div class=\"wpb_wrapper\"><h1>Selbstverst\u00e4ndnis\u00aderkl\u00e4rung 2021<\/h1>\n<hr \/>\n<p><strong>Ein solidarisches Miteinander steht f\u00fcr uns auch beim Feiern ganz oben! Mit dem Kauf der Tickets f\u00fcr die Nation of Gondwana 2021 nehmt ihr unser Selbstverst\u00e4ndnis zu Kenntnis:<\/strong><\/p>\n<ul>\n<li>Wir sagen ganz deutlich Nein zu sexualisierten, rassistischen, ableistischen, homo- und transfeindlichen Gewaltakten. \u2028Wir sagen ganz deutlich Nein zu rechten\/extrem rechten Tendenzen, Handlungen oder Gedankengut, egal in welcher Form. \u2028Wir sagen ganz deutlich Nein zu diskriminierenden und verletzenden \u00dcbergriffen.<\/li>\n<li>Wir legen sehr viel Wert auf einen respektvollen und aufmerksamen Umgang miteinander.<br \/>\nGegens\u00e4tzliches Verhalten f\u00fchrt zu einem direkten Verweis des Platzes!<\/li>\n<li>Gerade w\u00e4hrend einer globalen Pandemie ist es wichtig, dass wir uns solidarisch verhalten, um uns und andere zu sch\u00fctzen.<\/li>\n<li>Wir sagen Ja zu seri\u00f6sen &amp; fundierten wissenschaftlichen Erkenntnissen. Wir sagen Ja zu Masken und Abstand wo es n\u00f6tig ist. Wir sagen Ja zur Impfung.<\/li>\n<li>Auch die schockierenden Nachrichten \u00fcber sexualisierte Gewalt auf Festivals aus dem letzten Jahr bleiben f\u00fcr uns aktuell.<br \/>\nAuch die Nation of Gondwana ist grunds\u00e4tzlich nicht vor diesen \u00dcbergriffen gefeilt. Wir haben in der Vergangenheit schon einiges f\u00fcr ein diskiminierungsfreieres Miteinander auf die Beine gestellt und wollen in diesem Jahr unsere bisherigen Strukturen und Sicherheitsvorkehrungen weiter verbessern.<\/li>\n<li>Wir m\u00f6chten an dieser Stelle noch einmal auf unser Awareness-Team vom Safer Space hinweisen, welches rund um die Uhr f\u00fcr Dich ansprechbar ist und f\u00fcr ALLE Angelegenheiten ein offenes Ohr hat. Dort findet Ihr Unterst\u00fctzung, Hilfe &amp; Schutz, auch W\u00f6rter und Blicke k\u00f6nnen verletzen.<\/li>\n<li>Um ausnahmslos allen eine sch\u00f6ne Nation of Gondwana 2021 zu bereiten, bist auch Du gefragt. Wenn Dir etwas seltsam vorkommt, beispielsweise wenn du mitbekommst, dass jemand bel\u00e4stigt wird (auch verbal) oder st\u00e4ndig bei den Duschen rumh\u00e4ngt, sagt uns bitte sofort Bescheid. Wende Dich an das Awareness-Team, welches an gr\u00fcnen Shirts zu erkennen ist, oder die Security.<\/li>\n<\/ul>\n<p><strong>Denn gemeinsam Feiern bedeutet f\u00fcr uns auch gemeinsam aufeinander achtgeben.<\/strong><\/p>\n<\/div><\/div><\/div><\/div><\/div><\/div><\/div><\/section>\n","protected":false},"excerpt":{"rendered":"Selbstverst\u00e4ndnis\u00aderkl\u00e4rung 2021 Ein solidarisches Miteinander steht f\u00fcr uns auch beim Feiern ganz oben! Mit dem Kauf der Tickets f\u00fcr die Nation of Gondwana 2021 nehmt ihr unser Selbstverst\u00e4ndnis zu Kenntnis: Wir sagen ganz deutlich Nein zu sexualisierten, rassistischen, ableistischen, homo- und transfeindlichen Gewaltakten. \u2028Wir sagen ganz deutlich Nein zu rechten\/extrem rechten Tendenzen, Handlungen oder Gedankengut,...","protected":false},"author":1,"featured_media":0,"parent":0,"menu_order":0,"comment_status":"closed","ping_status":"closed","template":"","meta":{"inline_featured_image":false,"footnotes":""},"class_list":["post-728","page","type-page","status-publish","hentry"],"yoast_head":"<!-- This site is optimized with the Yoast SEO plugin v23.1 - https:\/\/yoast.com\/wordpress\/plugins\/seo\/ -->\n<title>Selbstverst\u00e4ndnis - Nation of Gondwana 2021<\/title>\n<meta name=\"robots\" content=\"index, follow, max-snippet:-1, max-image-preview:large, max-video-preview:-1\" \/>\n<link rel=\"canonical\" href=\"https:\/\/pyonen.de\/nog2021\/selbstverstaendnis\/\" \/>\n<meta property=\"og:locale\" content=\"de_DE\" \/>\n<meta property=\"og:type\" content=\"article\" \/>\n<meta property=\"og:title\" content=\"Selbstverst\u00e4ndnis - Nation of Gondwana 2021\" \/>\n<meta property=\"og:url\" content=\"https:\/\/pyonen.de\/nog2021\/selbstverstaendnis\/\" \/>\n<meta property=\"og:site_name\" content=\"Nation of Gondwana 2021\" \/>\n<meta property=\"article:modified_time\" content=\"2021-04-29T17:32:31+00:00\" \/>\n<meta name=\"twitter:card\" content=\"summary_large_image\" \/>\n<meta name=\"twitter:label1\" content=\"Gesch\u00e4tzte Lesezeit\" \/>\n\t<meta name=\"twitter:data1\" content=\"2\u00a0Minuten\" \/>\n<script type=\"application\/ld+json\" class=\"yoast-schema-graph\">{\"@context\":\"https:\/\/schema.org\",\"@graph\":[{\"@type\":\"WebPage\",\"@id\":\"https:\/\/pyonen.de\/nog2021\/selbstverstaendnis\/\",\"url\":\"https:\/\/pyonen.de\/nog2021\/selbstverstaendnis\/\",\"name\":\"Selbstverst\u00e4ndnis - Nation of Gondwana 2021\",\"isPartOf\":{\"@id\":\"https:\/\/pyonen.de\/nog2021\/#website\"},\"datePublished\":\"2020-03-20T08:44:09+00:00\",\"dateModified\":\"2021-04-29T17:32:31+00:00\",\"breadcrumb\":{\"@id\":\"https:\/\/pyonen.de\/nog2021\/selbstverstaendnis\/#breadcrumb\"},\"inLanguage\":\"de\",\"potentialAction\":[{\"@type\":\"ReadAction\",\"target\":[\"https:\/\/pyonen.de\/nog2021\/selbstverstaendnis\/\"]}]},{\"@type\":\"BreadcrumbList\",\"@id\":\"https:\/\/pyonen.de\/nog2021\/selbstverstaendnis\/#breadcrumb\",\"itemListElement\":[{\"@type\":\"ListItem\",\"position\":1,\"name\":\"Startseite\",\"item\":\"https:\/\/pyonen.de\/nog2021\/\"},{\"@type\":\"ListItem\",\"position\":2,\"name\":\"Selbstverst\u00e4ndnis\"}]},{\"@type\":\"WebSite\",\"@id\":\"https:\/\/pyonen.de\/nog2021\/#website\",\"url\":\"https:\/\/pyonen.de\/nog2021\/\",\"name\":\"Nation of Gondwana 2021\",\"description\":\"Festival am Waldsee | 22. - 24. Juli 2022 | Gr\u00fcnefeld bei Berlin\",\"potentialAction\":[{\"@type\":\"SearchAction\",\"target\":{\"@type\":\"EntryPoint\",\"urlTemplate\":\"https:\/\/pyonen.de\/nog2021\/?s={search_term_string}\"},\"query-input\":\"required name=search_term_string\"}],\"inLanguage\":\"de\"}]}<\/script>\n<!-- \/ Yoast SEO plugin. -->","yoast_head_json":{"title":"Selbstverst\u00e4ndnis - Nation of Gondwana 2021","robots":{"index":"index","follow":"follow","max-snippet":"max-snippet:-1","max-image-preview":"max-image-preview:large","max-video-preview":"max-video-preview:-1"},"canonical":"https:\/\/pyonen.de\/nog2021\/selbstverstaendnis\/","og_locale":"de_DE","og_type":"article","og_title":"Selbstverst\u00e4ndnis - Nation of Gondwana 2021","og_url":"https:\/\/pyonen.de\/nog2021\/selbstverstaendnis\/","og_site_name":"Nation of Gondwana 2021","article_modified_time":"2021-04-29T17:32:31+00:00","twitter_card":"summary_large_image","twitter_misc":{"Gesch\u00e4tzte Lesezeit":"2\u00a0Minuten"},"schema":{"@context":"https:\/\/schema.org","@graph":[{"@type":"WebPage","@id":"https:\/\/pyonen.de\/nog2021\/selbstverstaendnis\/","url":"https:\/\/pyonen.de\/nog2021\/selbstverstaendnis\/","name":"Selbstverst\u00e4ndnis - Nation of Gondwana 2021","isPartOf":{"@id":"https:\/\/pyonen.de\/nog2021\/#website"},"datePublished":"2020-03-20T08:44:09+00:00","dateModified":"2021-04-29T17:32:31+00:00","breadcrumb":{"@id":"https:\/\/pyonen.de\/nog2021\/selbstverstaendnis\/#breadcrumb"},"inLanguage":"de","potentialAction":[{"@type":"ReadAction","target":["https:\/\/pyonen.de\/nog2021\/selbstverstaendnis\/"]}]},{"@type":"BreadcrumbList","@id":"https:\/\/pyonen.de\/nog2021\/selbstverstaendnis\/#breadcrumb","itemListElement":[{"@type":"ListItem","position":1,"name":"Startseite","item":"https:\/\/pyonen.de\/nog2021\/"},{"@type":"ListItem","position":2,"name":"Selbstverst\u00e4ndnis"}]},{"@type":"WebSite","@id":"https:\/\/pyonen.de\/nog2021\/#website","url":"https:\/\/pyonen.de\/nog2021\/","name":"Nation of Gondwana 2021","description":"Festival am Waldsee | 22. - 24. Juli 2022 | Gr\u00fcnefeld bei Berlin","potentialAction":[{"@type":"SearchAction","target":{"@type":"EntryPoint","urlTemplate":"https:\/\/pyonen.de\/nog2021\/?s={search_term_string}"},"query-input":"required name=search_term_string"}],"inLanguage":"de"}]}},"_links":{"self":[{"href":"https:\/\/pyonen.de\/nog2021\/wp-json\/wp\/v2\/pages\/728"}],"collection":[{"href":"https:\/\/pyonen.de\/nog2021\/wp-json\/wp\/v2\/pages"}],"about":[{"href":"https:\/\/pyonen.de\/nog2021\/wp-json\/wp\/v2\/types\/page"}],"author":[{"embeddable":true,"href":"https:\/\/pyonen.de\/nog2021\/wp-json\/wp\/v2\/users\/1"}],"replies":[{"embeddable":true,"href":"https:\/\/pyonen.de\/nog2021\/wp-json\/wp\/v2\/comments?post=728"}],"version-history":[{"count":14,"href":"https:\/\/pyonen.de\/nog2021\/wp-json\/wp\/v2\/pages\/728\/revisions"}],"predecessor-version":[{"id":1585,"href":"https:\/\/pyonen.de\/nog2021\/wp-json\/wp\/v2\/pages\/728\/revisions\/1585"}],"wp:attachment":[{"href":"https:\/\/pyonen.de\/nog2021\/wp-json\/wp\/v2\/media?parent=728"}],"curies":[{"name":"wp","href":"https:\/\/api.w.org\/{rel}","templated":true}]}}